{"id":267,"date":"2018-02-21T13:26:44","date_gmt":"2018-02-21T13:26:44","guid":{"rendered":"https:\/\/dragana-oberst.de\/?page_id=267"},"modified":"2018-03-14T08:37:14","modified_gmt":"2018-03-14T08:37:14","slug":"profil","status":"publish","type":"page","link":"https:\/\/dragana-oberst.de\/?page_id=267","title":{"rendered":"Profil"},"content":{"rendered":"<h4><img loading=\"lazy\" decoding=\"async\" class=\"aligncenter size-full wp-image-284\" src=\"https:\/\/dragana-oberst.de\/wp-content\/uploads\/2018\/02\/d.-im-auto1_ausschn.jpg\" alt=\"\" width=\"3008\" height=\"2000\" srcset=\"https:\/\/dragana-oberst.de\/wp-content\/uploads\/2018\/02\/d.-im-auto1_ausschn.jpg 3008w, https:\/\/dragana-oberst.de\/wp-content\/uploads\/2018\/02\/d.-im-auto1_ausschn-300x199.jpg 300w, https:\/\/dragana-oberst.de\/wp-content\/uploads\/2018\/02\/d.-im-auto1_ausschn-768x511.jpg 768w, https:\/\/dragana-oberst.de\/wp-content\/uploads\/2018\/02\/d.-im-auto1_ausschn-1024x681.jpg 1024w, https:\/\/dragana-oberst.de\/wp-content\/uploads\/2018\/02\/d.-im-auto1_ausschn-1920x1277.jpg 1920w, https:\/\/dragana-oberst.de\/wp-content\/uploads\/2018\/02\/d.-im-auto1_ausschn-720x479.jpg 720w, https:\/\/dragana-oberst.de\/wp-content\/uploads\/2018\/02\/d.-im-auto1_ausschn-580x386.jpg 580w, https:\/\/dragana-oberst.de\/wp-content\/uploads\/2018\/02\/d.-im-auto1_ausschn-320x213.jpg 320w\" sizes=\"auto, (max-width: 3008px) 100vw, 3008px\" \/>Werdegang<\/h4>\n<p>Der lange Weg zu meinen <strong>aktuellen Berufen als<\/strong> <strong>Coach und Autorin<\/strong> ist mit wertvollen Erfahrungen eines reichen beruflichen und pers\u00f6nlichen Lebens gepflastert.<\/p>\n<p>Doch zwischen den bunten, gl\u00e4nzenden Steinen dieses lebendigen Mosaiks, die das Gelungene, den Erfolg, das Wachstum darstellen, stecken durchaus auch einige narben\u00fcberzogene Exemplare. Sie sind es, die einerseits davon zeugen, dass auch dieses menschliche Leben nicht ohne Widrigkeiten verl\u00e4uft, und die andererseits dem Gesamtkunstwerk sein unverwechselbares Gepr\u00e4ge, seinen ganz eigenen Ausdruck verleihen.<\/p>\n<p>Dieser besagte Lebensweg hat mich in jungen Jahren aus dem ehemaligen Jugoslawien, der archaischen Heimat meiner Kindheit, in meine neue Heimat Deutschland gef\u00fchrt und \u2013 erst f\u00fcnfzehnj\u00e4hrig \u2013 vor die gro\u00dfe Aufgabe der Integration gestellt.<\/p>\n<p>Die Bew\u00e4ltigung dieser Herausforderung hat mir das Tor zu meiner <strong>ersten Profession als Dolmetscherin und \u00dcbersetzerin<\/strong> ge\u00f6ffnet, und damit das Tor zur Welt. Ich habe viele Sprachen gelernt, viele L\u00e4nder gesehen und Einblicke in eine Reihe von Berufs- und Lebenswirklichkeiten bekommen.<\/p>\n<p>In den 90er Jahren des vergangenen Jahrhunderts habe ich mich als Quereinsteigerin zur <strong>F\u00fchrungskraft und Managerin<\/strong> weiterentwickelt und dabei ganz neue Seiten an mir entdeckt.<\/p>\n<p>Das Ende der Balkankriege um die Jahrhundertwende ist f\u00fcr mich Anlass f\u00fcr einen weiteren Sprung ins kalte Wasser gewesen und der Beginn meiner <strong>internationalen Pionierarbeit als Wegbereiterin und Br\u00fcckenbauerin zwischen West- und S\u00fcdosteuropa<\/strong>. Ich habe am Aufbau demokratischer Strukturen und an der Entwicklung internationaler Beziehungen, Netzwerke und Projekte in Wirtschaft, Wissenschaft und Politik zwischen Deutschland und den L\u00e4ndern Westlichen Balkans mitgewirkt.<\/p>\n<p>Diese <strong>anspruchsvollen Aufgaben haben mich in die h\u00f6chsten Etagen von Unternehmen, Bildungseinrichtungen, Organisationen und Regierungen gef\u00fchrt, bis hin zu Minister- und Staatspr\u00e4sidenten<\/strong><strong>.<\/strong> Am meisten hat mich die Arbeit mit jungen Wissenschaftlern, Managern, Kulturschaffenden und Politikern begeistert.<\/p>\n<p>Die gewachsene Expertise und Erfahrung in der Zusammenarbeit mit Menschen in ihren jeweiligen Rollen und Positionen macht heute mein berufliches und pers\u00f6nliches Selbstverst\u00e4ndnis aus und bereichert meine aktuelle Arbeit als Coach und Autorin.<\/p>\n<p><img loading=\"lazy\" decoding=\"async\" class=\"aligncenter size-full wp-image-286\" src=\"https:\/\/dragana-oberst.de\/wp-content\/uploads\/2018\/02\/Serbien-19.07.05-Teil2-035.jpg\" alt=\"\" width=\"3008\" height=\"2000\" srcset=\"https:\/\/dragana-oberst.de\/wp-content\/uploads\/2018\/02\/Serbien-19.07.05-Teil2-035.jpg 3008w, https:\/\/dragana-oberst.de\/wp-content\/uploads\/2018\/02\/Serbien-19.07.05-Teil2-035-300x199.jpg 300w, https:\/\/dragana-oberst.de\/wp-content\/uploads\/2018\/02\/Serbien-19.07.05-Teil2-035-768x511.jpg 768w, https:\/\/dragana-oberst.de\/wp-content\/uploads\/2018\/02\/Serbien-19.07.05-Teil2-035-1024x681.jpg 1024w, https:\/\/dragana-oberst.de\/wp-content\/uploads\/2018\/02\/Serbien-19.07.05-Teil2-035-1920x1277.jpg 1920w, https:\/\/dragana-oberst.de\/wp-content\/uploads\/2018\/02\/Serbien-19.07.05-Teil2-035-720x479.jpg 720w, https:\/\/dragana-oberst.de\/wp-content\/uploads\/2018\/02\/Serbien-19.07.05-Teil2-035-580x386.jpg 580w, https:\/\/dragana-oberst.de\/wp-content\/uploads\/2018\/02\/Serbien-19.07.05-Teil2-035-320x213.jpg 320w\" sizes=\"auto, (max-width: 3008px) 100vw, 3008px\" \/><\/p>\n<h4>Bildungsweg<\/h4>\n<ul>\n<li>Ausbildung zum Systemischen Coach<br \/>\nRadius Institut f\u00fcr Kommunikation und Konfliktmanagement, L\u00fcbeck \/ Stuttgart<\/li>\n<li>Berufsbegleitend: Wirtschaftswissenschaftliches Studium mit dem Abschluss<br \/>\nBachelor of Business Administration (BBA), Steinbeis-Hochschule Berlin<\/li>\n<li>Management-Weiterbildungen in F\u00fchrung, Kommunikation und Selbstmanagement<br \/>\nWalter-Marketing Dienstleistungsgruppe, Ettlingen<\/li>\n<li>\u00d6ffentliche Bestellung und allgemeine Beeidigung als Urkunden\u00fcbersetzerin und Verhandlungsdolmetscherin f\u00fcr die Sprachenkombination Deutsch \u2013 Serbisch \u2013 Kroatisch, Landgericht Baden-Baden<\/li>\n<li>Staatlich anerkannte Dolmetscherin und \u00dcbersetzerin Deutsch-Serbokroatisch,<br \/>\nIndustrie- und Handelskammer Bonn<\/li>\n<li>Fremdsprachenausbildung in Englisch und Franz\u00f6sisch, Fremdsprachler-Fachzeugnis<br \/>\nVorbeck Institut, Gengenbach<\/li>\n<li>Wirtschaftsschule Rastatt<\/li>\n<\/ul>\n<p>&nbsp;<\/p>\n<h4>Kernkompetenzen, F\u00fchrungs- und Felderfahrung<\/h4>\n<ul>\n<li><strong><strong>Coaching und systemische Beratung in Business und Leben<\/strong><\/strong><\/li>\n<li><strong><strong>Autorin \u2013 Belletristik und Sachliteratur<\/strong><\/strong><\/li>\n<li>Initiation und Entwicklung internationaler Beziehungen, Netzwerke und Projekte<br \/>\nin Wissenschaft, Wirtschaft und Politik<\/li>\n<li>Wissens- und Technologietransfer-Management Deutschland \u2013 S\u00fcdosteuropa in den Bereichen: Umwelt \/ Nullemission \/ Informationstechnologien \/ Industrie \/ Bauwesen \/ Ingenieurwesen<\/li>\n<li>Interkulturelles Management<\/li>\n<li>Moderation internationaler Veranstaltungen<\/li>\n<li>Abteilungsleitung mit F\u00fchrungs- und Budgetverantwortung<br \/>\nMarketing &#8211; Bereich Promotion<\/li>\n<li>Dolmetschen und \u00dcbersetzen (Wirtschaft, Wissenschaft, Kultur, Literatur, Politik und Recht)<\/li>\n<li>Sprachen: Deutsch, Serbisch, Kroatisch, Englisch, Franz\u00f6sisch, Russisch<\/li>\n<\/ul>\n<p>&nbsp;<\/p>\n<h4>Initiativen<\/h4>\n<p>2000-2012<strong><br \/>\n<\/strong>Initiatorin bilateraler \/ multilateraler Demokratie- und Entwicklungsprojekte zwischen Deutschland und den L\u00e4ndern S\u00fcdosteuropas (2005 bis 2012 unter der Schirmherrschaft des Pr\u00e4sidenten der Republik Serbien, mit F\u00f6rderung der Bundesrepublik Deutschland)<\/p>\n<p>2008-2012<br \/>\nInitiatorin des Nullemissionsnetzwerks in Serbien nach deutschem Modell, mit Unterst\u00fctzung des IfaS Instituts f\u00fcr angewandtes Stoffstrommanagement \/ Umweltcampus Birkenfeld, Fachhochschule Trier, gef\u00f6rdert vom Land Rheinland-Pfalz und deutschen Bundesministerien<\/p>\n","protected":false},"excerpt":{"rendered":"<p>Werdegang Der lange Weg zu meinen aktuellen Berufen als Coach und Autorin ist mit wertvollen Erfahrungen eines reichen beruflichen und pers\u00f6nlichen Lebens gepflastert. Doch zwischen den bunten, gl\u00e4nzenden Steinen dieses lebendigen Mosaiks, die das Gelungene, den Erfolg, das Wachstum darstellen, stecken durchaus auch einige narben\u00fcberzogene Exemplare. Sie sind es, die einerseits davon zeugen, dass auch [&hellip;]<\/p>\n","protected":false},"author":2,"featured_media":0,"parent":0,"menu_order":0,"comment_status":"closed","ping_status":"closed","template":"","meta":{"footnotes":""},"class_list":["post-267","page","type-page","status-publish","hentry"],"_links":{"self":[{"href":"https:\/\/dragana-oberst.de\/index.php?rest_route=\/wp\/v2\/pages\/267","targetHints":{"allow":["GET"]}}],"collection":[{"href":"https:\/\/dragana-oberst.de\/index.php?rest_route=\/wp\/v2\/pages"}],"about":[{"href":"https:\/\/dragana-oberst.de\/index.php?rest_route=\/wp\/v2\/types\/page"}],"author":[{"embeddable":true,"href":"https:\/\/dragana-oberst.de\/index.php?rest_route=\/wp\/v2\/users\/2"}],"replies":[{"embeddable":true,"href":"https:\/\/dragana-oberst.de\/index.php?rest_route=%2Fwp%2Fv2%2Fcomments&post=267"}],"version-history":[{"count":9,"href":"https:\/\/dragana-oberst.de\/index.php?rest_route=\/wp\/v2\/pages\/267\/revisions"}],"predecessor-version":[{"id":316,"href":"https:\/\/dragana-oberst.de\/index.php?rest_route=\/wp\/v2\/pages\/267\/revisions\/316"}],"wp:attachment":[{"href":"https:\/\/dragana-oberst.de\/index.php?rest_route=%2Fwp%2Fv2%2Fmedia&parent=267"}],"curies":[{"name":"wp","href":"https:\/\/api.w.org\/{rel}","templated":true}]}}